{"id":46,"date":"2021-02-16T11:44:42","date_gmt":"2021-02-16T11:44:42","guid":{"rendered":"https:\/\/demosites.io\/neve-3\/?page_id=46"},"modified":"2025-09-24T09:32:02","modified_gmt":"2025-09-24T06:32:02","slug":"7b3c2-homepage","status":"publish","type":"page","link":"https:\/\/parohiapipera.ro\/","title":{"rendered":"Homepage"},"content":{"rendered":"\n<div class=\"wp-block-cover alignfull\" style=\"min-height:600px;aspect-ratio:unset;\"><img fetchpriority=\"high\" decoding=\"async\" width=\"1024\" height=\"576\" class=\"wp-block-cover__image-background wp-image-563 size-large\" alt=\"\" src=\"https:\/\/ml1uhgglqhrm.i.optimole.com\/w:1024\/h:576\/q:mauto\/f:best\/http:\/\/parohiapipera.ro\/wp-content\/uploads\/2025\/09\/Image09.jpg\" data-object-fit=\"cover\" srcset=\"https:\/\/ml1uhgglqhrm.i.optimole.com\/w:1024\/h:576\/q:mauto\/f:best\/https:\/\/parohiapipera.ro\/wp-content\/uploads\/2025\/09\/Image09.jpg 1024w, https:\/\/ml1uhgglqhrm.i.optimole.com\/w:300\/h:169\/q:mauto\/f:best\/https:\/\/parohiapipera.ro\/wp-content\/uploads\/2025\/09\/Image09.jpg 300w, https:\/\/ml1uhgglqhrm.i.optimole.com\/w:768\/h:432\/q:mauto\/f:best\/https:\/\/parohiapipera.ro\/wp-content\/uploads\/2025\/09\/Image09.jpg 768w, https:\/\/ml1uhgglqhrm.i.optimole.com\/w:1536\/h:864\/q:mauto\/f:best\/https:\/\/parohiapipera.ro\/wp-content\/uploads\/2025\/09\/Image09.jpg 1536w, https:\/\/ml1uhgglqhrm.i.optimole.com\/w:1920\/h:1080\/q:mauto\/f:best\/https:\/\/parohiapipera.ro\/wp-content\/uploads\/2025\/09\/Image09.jpg 2048w\" sizes=\"(max-width: 1024px) 100vw, 1024px\" \/><span aria-hidden=\"true\" class=\"wp-block-cover__background has-background-dim-60 has-background-dim wp-block-cover__gradient-background has-background-gradient\" style=\"background-color:#7e7569;background:linear-gradient(135deg,rgb(10,10,19) 0%,rgb(40,116,252) 100%)\"><\/span><div class=\"wp-block-cover__inner-container is-layout-flow wp-block-cover-is-layout-flow\">\n<div style=\"height:40px\" aria-hidden=\"true\" class=\"wp-block-spacer\"><\/div>\n\n\n\n<div class=\"wp-block-columns are-vertically-aligned-center is-layout-flex wp-container-core-columns-is-layout-9d6595d7 wp-block-columns-is-layout-flex\">\n<div class=\"wp-block-column is-vertically-aligned-center is-layout-flow wp-block-column-is-layout-flow\" style=\"flex-basis:100%\">\n<h1 class=\"wp-block-heading has-text-align-center\" style=\"font-size:56px\">Bine ati venit pe site-ul Parohiei Pipera , al Bisericii cu hramul Adormirii Maicii Domnului!<\/h1>\n\n\n\n<p class=\"has-text-align-center\" style=\"font-size:1.125em\">Click aici pentru a vedea si pagina Cimitirului Sfantul Ilie cu biserica monument istoric Sfantul Prooroc Ilie Tesviteanul:<\/p>\n\n\n\n<div class=\"wp-block-buttons is-content-justification-center is-layout-flex wp-container-core-buttons-is-layout-16018d1d wp-block-buttons-is-layout-flex\">\n<div class=\"wp-block-button is-style-primary\"><a class=\"wp-block-button__link wp-element-button\" href=\"https:\/\/parohiapipera.ro\/?page_id=2\">Click<\/a><\/div>\n<\/div>\n<\/div>\n<\/div>\n\n\n\n<div style=\"height:40px\" aria-hidden=\"true\" class=\"wp-block-spacer\"><\/div>\n<\/div><\/div>\n\n\n\n<div style=\"height:40px\" aria-hidden=\"true\" class=\"wp-block-spacer\"><\/div>\n\n\n\n<p>Cu mult\u0103 bucurie v\u0103 invit\u0103m \u00een ziua de duminic\u0103, 28 septembrie 2025, \u00eencep\u00e2nd cu ora 8:00, s\u0103 participa\u021bi la slujba de sfin\u021bire a bisericii Adormirea Maicii Domnului-Pipera.<br>Cu acest prilej va fi sfin\u021bit\u0103 \u0219i racla ce ad\u0103poste\u0219te fragmente din Sfintele Moa\u0219te ale Sf. Prooroc Ioan Botez\u0103torul, ale Sf. M. Mc. Pantelimon \u0219i ale Sf. M. Mc. Teodor Tiron, ce va fi a\u0219ezat\u0103 spre \u00eenchinare \u00een biserica parohial\u0103.<br>La finalul slujbei, to\u021bi credincio\u0219ii prezen\u021bi vor putea s\u0103 se \u00eenchine \u00een Sf\u00e2ntul Altar.<\/p>\n\n\n<div class=\"wp-block-image\">\n<figure class=\"aligncenter size-large\"><img fetchpriority=\"high\" decoding=\"async\" width=\"855\" height=\"1024\" src=\"https:\/\/ml1uhgglqhrm.i.optimole.com\/w:855\/h:1024\/q:mauto\/f:best\/https:\/\/parohiapipera.ro\/wp-content\/uploads\/2025\/09\/e66981f7-c324-4812-aa6d-95d892af2fec.jpg\" alt=\"\" class=\"wp-image-561\" srcset=\"https:\/\/ml1uhgglqhrm.i.optimole.com\/w:855\/h:1024\/q:mauto\/f:best\/https:\/\/parohiapipera.ro\/wp-content\/uploads\/2025\/09\/e66981f7-c324-4812-aa6d-95d892af2fec.jpg 855w, https:\/\/ml1uhgglqhrm.i.optimole.com\/w:251\/h:300\/q:mauto\/f:best\/https:\/\/parohiapipera.ro\/wp-content\/uploads\/2025\/09\/e66981f7-c324-4812-aa6d-95d892af2fec.jpg 251w, https:\/\/ml1uhgglqhrm.i.optimole.com\/w:768\/h:920\/q:mauto\/f:best\/https:\/\/parohiapipera.ro\/wp-content\/uploads\/2025\/09\/e66981f7-c324-4812-aa6d-95d892af2fec.jpg 768w, https:\/\/ml1uhgglqhrm.i.optimole.com\/w:902\/h:1080\/q:mauto\/f:best\/https:\/\/parohiapipera.ro\/wp-content\/uploads\/2025\/09\/e66981f7-c324-4812-aa6d-95d892af2fec.jpg 1283w, https:\/\/ml1uhgglqhrm.i.optimole.com\/w:auto\/h:auto\/q:mauto\/f:best\/https:\/\/parohiapipera.ro\/wp-content\/uploads\/2025\/09\/e66981f7-c324-4812-aa6d-95d892af2fec.jpg 1367w\" sizes=\"(max-width: 855px) 100vw, 855px\" \/><\/figure>\n<\/div>","protected":false},"excerpt":{"rendered":"<p>Cu mult\u0103 bucurie v\u0103 invit\u0103m \u00een ziua de duminic\u0103, 28 septembrie 2025, \u00eencep\u00e2nd cu ora 8:00, s\u0103 participa\u021bi la slujba de sfin\u021bire a bisericii Adormirea Maicii Domnului-Pipera.Cu acest prilej va fi sfin\u021bit\u0103 \u0219i racla ce ad\u0103poste\u0219te fragmente din Sfintele Moa\u0219te ale Sf. Prooroc Ioan Botez\u0103torul, ale Sf. M. Mc. Pantelimon \u0219i ale Sf. M. Mc.&hellip;&nbsp;<a href=\"https:\/\/parohiapipera.ro\/\" class=\"\" rel=\"bookmark\">Read More &raquo;<span class=\"screen-reader-text\">Homepage<\/span><\/a><\/p>\n","protected":false},"author":1,"featured_media":0,"parent":0,"menu_order":0,"comment_status":"closed","ping_status":"closed","template":"","meta":{"neve_meta_sidebar":"full-width","neve_meta_container":"contained","neve_meta_enable_content_width":"on","neve_meta_content_width":100,"neve_meta_title_alignment":"","neve_meta_author_avatar":"","neve_post_elements_order":"","neve_meta_disable_header":"","neve_meta_disable_footer":"","neve_meta_disable_title":"on","_ti_tpc_template_sync":false,"_ti_tpc_template_id":"qhcq3u4pntax6ckfcedd","footnotes":""},"class_list":["post-46","page","type-page","status-publish","hentry"],"_links":{"self":[{"href":"https:\/\/parohiapipera.ro\/index.php?rest_route=\/wp\/v2\/pages\/46","targetHints":{"allow":["GET"]}}],"collection":[{"href":"https:\/\/parohiapipera.ro\/index.php?rest_route=\/wp\/v2\/pages"}],"about":[{"href":"https:\/\/parohiapipera.ro\/index.php?rest_route=\/wp\/v2\/types\/page"}],"author":[{"embeddable":true,"href":"https:\/\/parohiapipera.ro\/index.php?rest_route=\/wp\/v2\/users\/1"}],"replies":[{"embeddable":true,"href":"https:\/\/parohiapipera.ro\/index.php?rest_route=%2Fwp%2Fv2%2Fcomments&post=46"}],"version-history":[{"count":12,"href":"https:\/\/parohiapipera.ro\/index.php?rest_route=\/wp\/v2\/pages\/46\/revisions"}],"predecessor-version":[{"id":567,"href":"https:\/\/parohiapipera.ro\/index.php?rest_route=\/wp\/v2\/pages\/46\/revisions\/567"}],"wp:attachment":[{"href":"https:\/\/parohiapipera.ro\/index.php?rest_route=%2Fwp%2Fv2%2Fmedia&parent=46"}],"curies":[{"name":"wp","href":"https:\/\/api.w.org\/{rel}","templated":true}]}}