{"id":2,"date":"2022-11-25T18:21:36","date_gmt":"2022-11-25T18:21:36","guid":{"rendered":"http:\/\/parohiapipera.ro\/?page_id=2"},"modified":"2024-08-25T13:42:32","modified_gmt":"2024-08-25T13:42:32","slug":"sample-page","status":"publish","type":"page","link":"https:\/\/parohiapipera.ro\/?page_id=2","title":{"rendered":"Cimitirul Sf\u00e2ntul Ilie"},"content":{"rendered":"\n<p>Adresa cimitirului: str. Drumul Bisericii, nr. 43A, Voluntari,&nbsp;jud. Ilfov.<\/p>\n\n\n\n<p>Program \u00eencas\u0103ri: luni \u00eentre orele 9.00-13.00 \u0219i joi \u00eentre orele 13.00-17.00. Cu excep\u021bia s\u0103rb\u0103torilor religioase&nbsp;\u0219i&nbsp;legale.<\/p>\n\n\n\n<p>Acte necesare pentru plata contribu\u021biei: Actul de concesiune \u0219i ultima&nbsp;chitan\u021b\u0103.<\/p>\n\n\n\n<p>Preot administrator cimitir Protopopescu Constantin-C\u0103t\u0103lin &#8211; num\u0103r de telefon:\u00a0<a href=\"tel:0726252578\">0726 252 578<\/a> .<\/p>\n","protected":false},"excerpt":{"rendered":"<p>Adresa cimitirului: str. Drumul Bisericii, nr. 43A, Voluntari,&nbsp;jud. Ilfov. Program \u00eencas\u0103ri: luni \u00eentre orele 9.00-13.00 \u0219i joi \u00eentre orele 13.00-17.00. Cu excep\u021bia s\u0103rb\u0103torilor religioase&nbsp;\u0219i&nbsp;legale. Acte necesare pentru plata contribu\u021biei: Actul de concesiune \u0219i ultima&nbsp;chitan\u021b\u0103. Preot administrator cimitir Protopopescu Constantin-C\u0103t\u0103lin &#8211; num\u0103r de telefon:\u00a00726 252 578 .<\/p>\n","protected":false},"author":1,"featured_media":0,"parent":0,"menu_order":0,"comment_status":"closed","ping_status":"open","template":"","meta":{"neve_meta_sidebar":"","neve_meta_container":"","neve_meta_enable_content_width":"","neve_meta_content_width":0,"neve_meta_title_alignment":"","neve_meta_author_avatar":"","neve_post_elements_order":"","neve_meta_disable_header":"","neve_meta_disable_footer":"","neve_meta_disable_title":"","_ti_tpc_template_sync":false,"_ti_tpc_template_id":"","footnotes":""},"class_list":["post-2","page","type-page","status-publish","hentry"],"_links":{"self":[{"href":"https:\/\/parohiapipera.ro\/index.php?rest_route=\/wp\/v2\/pages\/2","targetHints":{"allow":["GET"]}}],"collection":[{"href":"https:\/\/parohiapipera.ro\/index.php?rest_route=\/wp\/v2\/pages"}],"about":[{"href":"https:\/\/parohiapipera.ro\/index.php?rest_route=\/wp\/v2\/types\/page"}],"author":[{"embeddable":true,"href":"https:\/\/parohiapipera.ro\/index.php?rest_route=\/wp\/v2\/users\/1"}],"replies":[{"embeddable":true,"href":"https:\/\/parohiapipera.ro\/index.php?rest_route=%2Fwp%2Fv2%2Fcomments&post=2"}],"version-history":[{"count":5,"href":"https:\/\/parohiapipera.ro\/index.php?rest_route=\/wp\/v2\/pages\/2\/revisions"}],"predecessor-version":[{"id":552,"href":"https:\/\/parohiapipera.ro\/index.php?rest_route=\/wp\/v2\/pages\/2\/revisions\/552"}],"wp:attachment":[{"href":"https:\/\/parohiapipera.ro\/index.php?rest_route=%2Fwp%2Fv2%2Fmedia&parent=2"}],"curies":[{"name":"wp","href":"https:\/\/api.w.org\/{rel}","templated":true}]}}