{"id":452,"date":"2022-12-30T11:30:31","date_gmt":"2022-12-30T11:30:31","guid":{"rendered":"http:\/\/parohiapipera.ro\/?page_id=452"},"modified":"2024-08-24T11:42:30","modified_gmt":"2024-08-24T11:42:30","slug":"redirectioneaza-35-din-venit","status":"publish","type":"page","link":"http:\/\/parohiapipera.ro\/?page_id=452","title":{"rendered":"Redirec\u021bioneaz\u0103 3,5% Din Venit"},"content":{"rendered":"\n<p class=\"has-nv-c-2-color has-text-color\">Perioada de completare online a Declara\u021biei 230 pentru anul 2024 a expirat. Vom ini\u021bia \u00een ianuarie 2025 campania pentru anul 2025.<\/p>\n\n\n\n<p>Redirec\u021biona\u021bi cota de 3,5% din impozitul pe venit <strong>Parohiei Pipera<\/strong> astfel:<\/p>\n\n\n\n<h2 class=\"wp-block-heading\"><strong>Pasul 1<\/strong><\/h2>\n\n\n\n<ul class=\"wp-block-list\">\n<li>Desc\u0103rca\u021bi formularul format PDF, imprima\u021bi-l \u0219i completa\u021bi-l de m\u00e2n\u0103, cu majuscule, la sec\u021biunea:&nbsp;<strong>I. Date de identificare a contribuabilului<\/strong><\/li>\n\n\n\n<li>Datele Asocia\u021biei sunt precompletate.<\/li>\n\n\n\n<li><a href=\"http:\/\/parohiapipera.ro\/wp-content\/uploads\/2023\/09\/Declaratia-230-Parohia-Pipera-2024.pdf\">Desc\u0103rca\u021bi formularul 230<\/a><\/li>\n<\/ul>\n\n\n\n<h2 class=\"wp-block-heading\"><strong>Pasul 2<\/strong><\/h2>\n\n\n\n<ul class=\"wp-block-list\">\n<li>Semna\u021bi formularul la sec\u021biunea&nbsp;<strong>Semn\u0103tur\u0103 contribuabil<\/strong>.<\/li>\n<\/ul>\n\n\n\n<h2 class=\"wp-block-heading\"><strong>Pasul 3<\/strong><\/h2>\n\n\n\n<ul class=\"wp-block-list\">\n<li>Trimite\u021bi formularul p\u00e2n\u0103 la data de&nbsp;<strong>25 mai 2024&nbsp;<\/strong>prin una dintre urm\u0103toarele metode:\n<ul class=\"wp-block-list\">\n<li><strong>La pangarul bisericii.<\/strong>&nbsp;O persoan\u0103 preg\u0103tit\u0103 le va depune pe toate o dat\u0103 \u00eenainte de termen.<\/li>\n\n\n\n<li>La organul fiscal de care apar\u021bine\u021bi, direct la registratur\u0103 sau prin po\u0219t\u0103, conform adresei din cartea de identitate (list\u0103 cu adrese \u2013&nbsp;<a href=\"https:\/\/static.anaf.ro\/static\/10\/Anaf\/AsistentaContribuabili_r\/telefoane_judete\/Regiuni.htm\">LINK<\/a>)<\/li>\n\n\n\n<li>Prin serviciul online ANAF,&nbsp;<a href=\"https:\/\/declunica.anaf.ro\/my.policy\">Spa\u021biul Privat Virtual<\/a>, dac\u0103 ave\u021bi semn\u0103tur\u0103 electronic\u0103.<\/li>\n<\/ul>\n<\/li>\n<\/ul>\n\n\n<div class=\"wp-block-image\">\n<figure class=\"alignleft size-large\"><a href=\"https:\/\/sfantul-ilie.ro\/www\/wp-content\/uploads\/2022\/04\/230-Formular-instructiuni-scaled.jpg\"><img fetchpriority=\"high\" decoding=\"async\" src=\"https:\/\/ml1uhgglqhrm.i.optimole.com\/w:auto\/h:auto\/q:mauto\/f:best\/http:\/\/parohiapipera.ro\/wp-content\/uploads\/2023\/09\/Declaratia-230-Parohia-Pipera-2024.jpg\" alt=\"\"\/><\/a><\/figure>\n<\/div>\n\n\n<p><strong>Instruc\u021biuni<br><\/strong><a href=\"http:\/\/parohiapipera.ro\/wp-content\/uploads\/2023\/09\/Instructiuni-completare-declaratie-230.pdf\">Instructiuni-completare-declaratie-230<\/a><\/p>\n\n\n\n<p>\u2014<\/p>\n\n\n\n<p>Termenul limit\u0103 de depunere este:&nbsp;<strong>25 mai 2024<\/strong>.<\/p>\n\n\n\n<p>Pentru informa\u021bii suplimentare, v\u0103 rug\u0103m s\u0103 ne contacta\u021bi la tel.&nbsp;<a href=\"tel:0721287351\">(07xx) xxx xxx<\/a><br>sau scrie\u021bi-ne la adresa de e-mail:&nbsp;<a href=\"mailto:contact@sfantul-ilie.ro\">contact@xxx.ro<\/a><\/p>\n\n\n\n<p><strong>Parohia<em> <\/em>Pipera<br>Cod de identificare fiscal\u0103:&nbsp;<\/strong>12675559<br><strong>Cont bancar (IBAN):&nbsp;<\/strong>RO91 RNCB 0069 1486 6198 0001<\/p>\n","protected":false},"excerpt":{"rendered":"<p>Perioada de completare online a Declara\u021biei 230 pentru anul 2024 a expirat. Vom ini\u021bia \u00een ianuarie 2025 campania pentru anul 2025. Redirec\u021biona\u021bi cota de 3,5% din impozitul pe venit Parohiei Pipera astfel: Pasul 1 Pasul 2 Pasul 3 Instruc\u021biuniInstructiuni-completare-declaratie-230 \u2014 Termenul limit\u0103 de depunere este:&nbsp;25 mai 2024. Pentru informa\u021bii suplimentare, v\u0103 rug\u0103m s\u0103 ne contacta\u021bi&hellip;&nbsp;<a href=\"http:\/\/parohiapipera.ro\/?page_id=452\" class=\"\" rel=\"bookmark\">Read More &raquo;<span class=\"screen-reader-text\">Redirec\u021bioneaz\u0103 3,5% Din Venit<\/span><\/a><\/p>\n","protected":false},"author":1,"featured_media":0,"parent":0,"menu_order":0,"comment_status":"closed","ping_status":"open","template":"","meta":{"neve_meta_sidebar":"","neve_meta_container":"","neve_meta_enable_content_width":"","neve_meta_content_width":0,"neve_meta_title_alignment":"","neve_meta_author_avatar":"","neve_post_elements_order":"","neve_meta_disable_header":"","neve_meta_disable_footer":"","neve_meta_disable_title":"","_ti_tpc_template_sync":false,"_ti_tpc_template_id":"","footnotes":""},"class_list":["post-452","page","type-page","status-publish","hentry"],"_links":{"self":[{"href":"http:\/\/parohiapipera.ro\/index.php?rest_route=\/wp\/v2\/pages\/452","targetHints":{"allow":["GET"]}}],"collection":[{"href":"http:\/\/parohiapipera.ro\/index.php?rest_route=\/wp\/v2\/pages"}],"about":[{"href":"http:\/\/parohiapipera.ro\/index.php?rest_route=\/wp\/v2\/types\/page"}],"author":[{"embeddable":true,"href":"http:\/\/parohiapipera.ro\/index.php?rest_route=\/wp\/v2\/users\/1"}],"replies":[{"embeddable":true,"href":"http:\/\/parohiapipera.ro\/index.php?rest_route=%2Fwp%2Fv2%2Fcomments&post=452"}],"version-history":[{"count":6,"href":"http:\/\/parohiapipera.ro\/index.php?rest_route=\/wp\/v2\/pages\/452\/revisions"}],"predecessor-version":[{"id":503,"href":"http:\/\/parohiapipera.ro\/index.php?rest_route=\/wp\/v2\/pages\/452\/revisions\/503"}],"wp:attachment":[{"href":"http:\/\/parohiapipera.ro\/index.php?rest_route=%2Fwp%2Fv2%2Fmedia&parent=452"}],"curies":[{"name":"wp","href":"https:\/\/api.w.org\/{rel}","templated":true}]}}